 of q?
3
Let r be (242 - 2)/((-3)/(-8)). What is the tens digit of -3 + r/14 - 2/(-7)?
4
Suppose 0 = -5*t + 5*r - 55, -34 = 4*t - 2*r - 0*r. Let b be -3 - (-9)/(-3 - t). Suppose -49 = -3*n + z - 0*z, 2*n - 2*z - 34 = b. What is the tens digit of n?
1
Let f(m) = 2*m**2 - 45*m - 135. What is the hundreds digit of f(31)?
3
Let i(c) = c**2 - 4*c - 2. Let d be i(5). Suppose 3*o + 4 = q, -5*q - d*o + 11 = -45. Let a(n) = -n**3 + 11*n**2 - 8*n. What is the units digit of a(q)?
0
Let n(d) = 15*d**2 + 3*d + 5. Let t be n(-2). Suppose 4*s - 748 = -2*a, 3*s - t = a + 512. What is the hundreds digit of s?
1
What is the units digit of ((-41)/4)/(61/(-1708))?
7
Let z(r) = -2*r**2 + 2*r - 1. Let t be z(1). Let n be (122 - 1) + (-3 - t). Suppose 0 = 4*f - o - n, -o = 6*f - f - 151. What is the units digit of f?
0
Let t(u) = u**3 + 8*u**2 + 8*u + 8. Let r be (1 - 2)/(4/24). Let v be t(r). Suppose d = -5, -2*j + j + 5*d + v = 0. What is the units digit of j?
7
Let x be -74 + 6/(3 - 1). Let u = x + 104. What is the units digit of u?
3
Suppose o + 10 = -4*o, 0 = -2*s + 2*o + 1038. What is the tens digit of s?
1
Suppose -4*c - 2466 = 5*c. Let w = -162 - c. What is the tens digit of w?
1
Suppose -19*h - 5 = -24. Suppose 4*d - 2 - 18 = 0. Suppose -39 = -d*m + h. What is the units digit of m?
8
Let r(t) = -23*t - 43. What is the tens digit of r(-25)?
3
Suppose -113 = -u + 3*d, 10*d - 6*d - 516 = -4*u. Let i = u + -75. What is the tens digit of i?
5
Suppose 556 = 7*w - 1593. What is the hundreds digit of w?
3
Suppose 5*r - 193 = -p + 2*r, -2*p - 3*r = -392. What is the tens digit of p?
9
Let u(p) = 2*p**2 + 4*p + 2. Let z be u(-3). Suppose 4*c = -z + 20. Suppose -50 = -4*l - c*r + 5*r, r - 5 = 0. What is the units digit of l?
5
Suppose 2*g + 5*h - 63 = 5*g, -3*h - 71 = 5*g. Let i = 19 + g. Suppose 2*o - 2*z - 78 = 0, -5*o = -i*z + 2*z - 207. What is the tens digit of o?
4
Let t(o) = 0*o + o + 2 - 1 + 6. Let q be t(-5). Suppose -q*j + 0 = -10. What is the units digit of j?
5
Suppose 0 = -3*d + 148 + 197. Let u be d/(-7) + (-12)/(-28). What is the tens digit of u*(-3 - 4/(-8))?
4
Let m(w) be the first derivative of 7*w**2/2 - 10*w - 6. Let l(g) = -85*g + 120. Let q(v) = -3*l(v) - 35*m(v). What is the units digit of q(3)?
0
Let k = -15 - -154. Suppose 2*l = l + k. What is the units digit of l?
9
Suppose -3*a = 2*a - 25. Suppose 2*o + 210 = 4*k - k, 3*k - a*o - 210 = 0. Suppose 0*p + 4*p - k = -2*f, 2*p = -4. What is the units digit of f?
9
Let f be (-1)/(3/(-6))*7. Let v be (2/4)/(f/84). Suppose -2*u + 16 = 2*c + 2*c, -c + 24 = v*u. What is the units digit of u?
8
Let g(u) = -2*u - 7. Let x be g(-15). Suppose 4*v + x = 3. What is the units digit of (0 - -3) + (-25)/v?
8
Let w(p) = 2*p**3 + 13*p**2 - 28*p - 3. What is the tens digit of w(6)?
2
What is the hundreds digit of ((-78)/(-36) - 2) + 2254/12?
1
Suppose -4*p + 639 = 5*r, 2*p + r - 375 = -60. What is the units digit of p?
6
Suppose 0*s + 3*s - 3 = 0. Let n(a) = -a**2 + 5 + s + 12*a - 2*a. What is the units digit of n(10)?
6
Let k(x) be the first derivative of -37*x**2/2 - 10*x - 6. What is the hundreds digit of k(-3)?
1
Let i = 2 - -1. Let u(d) = 1 + 129*d - 6*d**2 + 5*d**2 - 125*d. What is the units digit of u(i)?
4
Let d = -1 - 14. Let t(p) = -p**3 - 15*p**2 - p - 13. Let a be t(d). Let f = 35 + a. What is the tens digit of f?
3
Let c(f) = -f**2 - 7*f - 6. Let v be c(-5). Suppose -v = -4*s + 8. Suppose -5*o + 18 = -3*o + 4*m, -54 = -s*o + 3*m. What is the tens digit of o?
1
Suppose 99 = 5*p - 26. Suppose 3*z = 5*j - p, -4*z = -j - 3*j + 12. What is the units digit of j?
8
Suppose 0 = -18*x + 6615 + 81. What is the units digit of x?
2
Suppose -4*z + 3*o - 4*o = -13, 2*z - 2*o = 14. Suppose -2*i + 6 = -z. Suppose 0 = 3*l - 3*h - 105, -2*h + 6 = -i*h. What is the units digit of l?
3
Let b = 8 - 13. What is the tens digit of (b + 3 - -3)*61?
6
Let v(x) = -2*x - 9. Let j(g) = -4*g - 19. Let f(i) = -3*j(i) + 5*v(i). What is the tens digit of f(14)?
4
What is the hundreds digit of (-15 - -6)*108/(-6)?
1
Let k = 295 + -79. Suppose 0*c = -3*c + k. Let u = -37 + c. What is the tens digit of u?
3
What is the units digit of 2/(-2)*(-1485 + -81)?
6
What is the tens digit of 20/(-6)*526008/(-620)?
2
Suppose -i + 4*d = 4*i - 2380, 4*d = 0. What is the tens digit of i?
7
Let d be (0 - (-6)/(-5))*19380/(-152). Suppose m + 0*m + 2*t - d = 0, -622 = -4*m - 3*t. What is the hundreds digit of m?
1
What is the hundreds digit of 1046 + 4*(-1 + (-3)/(-6))?
0
Let q = -12 - -9. What is the units digit of ((-178)/q)/(26/39)?
9
Let o(d) = -d**2 - 5*d + 6. Let i(a) = -2*a - 2. Let s be i(-2). Let u be o(s). Let v = 2 - u. What is the tens digit of v?
1
Let i be ((-6)/9)/(1/3). What is the units digit of (-462)/(-9) + i/6?
1
Let u = -2668 + 4923. What is the thousands digit of u?
2
Let a(o) = o + 2. Let f be a(8). What is the units digit of (-6232)/(-40) + 2/f?
6
Let r(b) = -3 + 0 + 6 + 2*b. Let d be r(-3). What is the units digit of ((-1)/(-3))/(d/(-9))?
1
What is the units digit of 26/52*(0 - -1258)?
9
Suppose -3*o = -10 - 2. Suppose 3*y - 47 = -o*c, -3*y + 9 = 2*c - 10. Let n = c + -5. What is the units digit of n?
9
Suppose d + 5 = 8. Suppose 9*l = d*l + 288. Suppose -3 = -f + 3*z + l, 4*f - 222 = 3*z. What is the tens digit of f?
5
Suppose -2*d + 13 - 5 = 0, 5*l + 4*d - 14206 = 0. What is the tens digit of l?
3
Let u be 37 + (4 + -3)*1. Let r(b) = 36*b + 2. Let m be r(2). Let f = m - u. What is the tens digit of f?
3
Suppose -3*i + i = -3*t + 32, -24 = -4*t - 2*i. Suppose 0*b + 4*b = t. Suppose b*l - 17 = 3*j + 42, j = -3*l + 61. What is the tens digit of l?
2
Let s(p) = 15*p - 86. Let q be -2*((33/(-3))/1 + 0). What is the hundreds digit of s(q)?
2
Suppose -5*a - 201 = -666. Let p = -4 + 6. Suppose p*u = -u + a. What is the tens digit of u?
3
Let c be (-6)/(-4)*(-12)/9. Let t be 382/6 + c/3. Let y = t + -43. What is the tens digit of y?
2
What is the hundreds digit of (-26)/(-4)*(270/9 + -2)?
1
Let b be 30/20 - 206/4. Let x be b/(-18) - 2/(-9). Suppose -x*p = -p - 74. What is the tens digit of p?
3
Let m(j) = -3*j + 32. Let h be m(8). Suppose -434 = -10*b + h*b. What is the units digit of b?
7
Let d be ((-21)/14)/((-3)/8). Suppose -350 = -d*m - m. What is the units digit of m?
0
Let q = -11 - -13. Let c be q - 9*(-1 + 2). Let r = c - -17. What is the units digit of r?
0
Let c be 444/10 - 2/5. Let j = -8 + c. What is the tens digit of j?
3
Let u be 2/4*8/2. Suppose -u*q + 251 = 75. What is the units digit of q?
8
Let m(u) = 2*u**3 - 20*u**2 + 30*u + 17. Let x be m(8). Suppose 5*j - 6 = 9. Suppose 2*y = 4, -j*n + 0 = -4*y - x. What is the units digit of n?
3
Let z = 1469 + -990. What is the hundreds digit of z?
4
Suppose 39 = 4*d - 5. Let f(r) = 15*r - 22. What is the tens digit of f(d)?
4
Suppose 8*b = 3*b - 15. Let f = 2 + b. What is the tens digit of (-1)/f*(1 - -28)?
2
Let i(j) = -4*j + 48. Let r be i(11). Suppose 515 = r*v - 437. What is the hundreds digit of v?
2
Suppose -41*p + 12 = -38*p. Suppose -2*c - 77 = -p*j - 7*c, 0 = -5*j - 5*c + 95. What is the tens digit of j?
1
Let v = 4 + -11. Let c(r) = 2*r**2 + 8*r + 2. Let a be c(v). Suppose -4*x + 7*x - z = a, -40 = -3*x + 2*z. What is the units digit of x?
6
Let s be (-3)/(-6)*(586 + 2). Suppose -86 + s = 8*r. What is the units digit of r?
6
Let z(w) = 3*w + 119. What is the tens digit of z(-18)?
6
Let h be (-162)/4*(-3)/((-18)/(-4)). Let t = 126 - h. What is the units digit of t?
9
Let u = 111 + -111. Suppose u = g + 2*l - 135, 3*g + 10*l - 397 = 6*l. What is the hundreds digit of g?
1
Let t be (-10)/(-6) - 2/(-6). Suppose 4*b - 10 - t = 0. Suppose -40 = -m + b*i, -5*m + 2*i - 200 = -10*m. What is the tens digit of m?
4
Suppose -3*q + 0*q - 9 = 0, 3*q = -2*h - 15. What is the units digit of (273/(-35))/(h/10)?
6
Let m = 937 - 145. What is the tens digit of m?
9
Let c = -57 + 66. Suppose 63 = n + 2*n + t, 3*t = c. What is the units digit of n?
0
Let r(g) = 5*g + 11. Suppose 3*i = 26 - 11. What is the units digit of r(i)?
6
Let y(o) = o**3 + 4*o**2 + 2*o - 3. Let v be y(-3). Suppose 0 = -4*z - v*z. Suppose z*m - 32 = -4*m. What is the units digit of m?
8
Let b = 19 - 7. Let i(n) = 20*n**2 + 8 + 11*n**2 - 21*n**2 + n**3 - b*n. What is the units digit of i(-11)?
9
Let b(z) = z**2